{"id":107,"date":"2011-09-03T06:00:06","date_gmt":"2011-09-03T06:00:06","guid":{"rendered":"http:\/\/www.sound-light-systems.com\/wordpress\/?page_id=107"},"modified":"2023-09-27T09:38:49","modified_gmt":"2023-09-27T07:38:49","slug":"kontakt","status":"publish","type":"page","link":"https:\/\/www.lautundhell.de\/?page_id=107","title":{"rendered":"Kontakt."},"content":{"rendered":"<p>In Kontakt bleiben<\/p>\n<p>liegt uns sehr am Herzen. Wenn auch Sie gerne den Kontakt zu uns herstellen m\u00f6chten, w\u00fcrden wir uns freuen von Ihnen zu h\u00f6ren. Also, nicht lange \u00fcberlegen, einfach mal hallo sagen oder kurz eine Mail schreiben!<\/p>\n<p>&nbsp;<\/p>\n<p>Und so k\u00f6nnen Sie uns erreichen:<\/p>\n<p>&nbsp;<\/p>\n<p>LAUTundHELL GmbH<\/p>\n<p>&nbsp;<\/p>\n<p>Am Weiglfeld 22<\/p>\n<p>D-83629 Weyarn<\/p>\n<p>Tel.: +49 8026 9 222 33<\/p>\n<p>Mobil: +49 171 434 0 535<\/p>\n<p>anfrage (at) lautundhell.de<\/p>\n<p><a href=\"https:\/\/www.google.com\/maps\/place\/LAUTundHELL.de\/@47.85739,11.8101313,570m\/data=!3m2!1e3!4b1!4m5!3m4!1s0x479df3cf99db00db:0x6a7176923afc0cd7!8m2!3d47.85739!4d11.81232\">Google Maps Link &gt;&gt;<\/a><\/p>\n<p>Unsere Gesch\u00e4ftszeiten sind von<\/p>\n<p>Mo. &#8211; Fr. \u00a0 \u00a009:00 &#8211; 18:00<\/p>\n<p>&nbsp;<\/p>\n<p>&nbsp;<\/p>\n","protected":false},"excerpt":{"rendered":"<p>In Kontakt bleiben liegt uns sehr am Herzen. Wenn auch Sie gerne den Kontakt zu &hellip; <\/p>\n","protected":false},"author":2,"featured_media":0,"parent":0,"menu_order":4,"comment_status":"closed","ping_status":"open","template":"","meta":{"footnotes":""},"class_list":["post-107","page","type-page","status-publish","hentry","latest_post"],"aioseo_notices":[],"_links":{"self":[{"href":"https:\/\/www.lautundhell.de\/index.php?rest_route=\/wp\/v2\/pages\/107","targetHints":{"allow":["GET"]}}],"collection":[{"href":"https:\/\/www.lautundhell.de\/index.php?rest_route=\/wp\/v2\/pages"}],"about":[{"href":"https:\/\/www.lautundhell.de\/index.php?rest_route=\/wp\/v2\/types\/page"}],"author":[{"embeddable":true,"href":"https:\/\/www.lautundhell.de\/index.php?rest_route=\/wp\/v2\/users\/2"}],"replies":[{"embeddable":true,"href":"https:\/\/www.lautundhell.de\/index.php?rest_route=%2Fwp%2Fv2%2Fcomments&post=107"}],"version-history":[{"count":14,"href":"https:\/\/www.lautundhell.de\/index.php?rest_route=\/wp\/v2\/pages\/107\/revisions"}],"predecessor-version":[{"id":1739,"href":"https:\/\/www.lautundhell.de\/index.php?rest_route=\/wp\/v2\/pages\/107\/revisions\/1739"}],"wp:attachment":[{"href":"https:\/\/www.lautundhell.de\/index.php?rest_route=%2Fwp%2Fv2%2Fmedia&parent=107"}],"curies":[{"name":"wp","href":"https:\/\/api.w.org\/{rel}","templated":true}]}}