{"id":607,"date":"2016-04-01T06:00:12","date_gmt":"2016-04-01T04:00:12","guid":{"rendered":"http:\/\/www.lautundhell.de\/?page_id=607"},"modified":"2025-07-07T18:26:06","modified_gmt":"2025-07-07T16:26:06","slug":"das-team","status":"publish","type":"page","link":"http:\/\/www.lautundhell.de\/?page_id=607","title":{"rendered":"DAS TEAM."},"content":{"rendered":"<p>Vorhang auf. B\u00fchne frei. Das LAUTundHELL.de Team!<\/p>\n<p>LAUTundHELL.de ist eine junge Organisation, die die sich auf die Planung und Durchfu\u0308hrung von Veranstaltungen spezialisiert hat. Unser Team besteht aus jungen motivierten Fachkra\u0308ften als auch alten erfahrenen Hasen der Event Branche.<\/p>\n<p>&nbsp;<\/p>\n<p><img loading=\"lazy\" decoding=\"async\" class=\"alignleft wp-image-1546 \" src=\"https:\/\/lautundhell.de\/wp-content\/uploads\/2021\/12\/FlorianPenzberger_LAUTundHELL_2-200x300.jpg\" alt=\"\" width=\"146\" height=\"219\" srcset=\"https:\/\/lautundhell.de\/wp-content\/uploads\/2021\/12\/FlorianPenzberger_LAUTundHELL_2-200x300.jpg 200w, https:\/\/lautundhell.de\/wp-content\/uploads\/2021\/12\/FlorianPenzberger_LAUTundHELL_2-683x1024.jpg 683w, https:\/\/lautundhell.de\/wp-content\/uploads\/2021\/12\/FlorianPenzberger_LAUTundHELL_2-768x1152.jpg 768w, https:\/\/lautundhell.de\/wp-content\/uploads\/2021\/12\/FlorianPenzberger_LAUTundHELL_2-1024x1536.jpg 1024w, https:\/\/lautundhell.de\/wp-content\/uploads\/2021\/12\/FlorianPenzberger_LAUTundHELL_2-1366x2048.jpg 1366w, https:\/\/lautundhell.de\/wp-content\/uploads\/2021\/12\/FlorianPenzberger_LAUTundHELL_2-40x60.jpg 40w, https:\/\/lautundhell.de\/wp-content\/uploads\/2021\/12\/FlorianPenzberger_LAUTundHELL_2.jpg 1667w\" sizes=\"auto, (max-width: 146px) 100vw, 146px\" \/><\/p>\n<p class=\"p1\">Florian Penzberger<\/p>\n<p class=\"p1\">Gesch\u00e4ftsf\u00fchrer | Probleml\u00f6ser<\/p>\n<p class=\"p1\">+49 8026 92 22 33<\/p>\n<p class=\"p1\">florian.penzberger (at) lautundhell.de<\/p>\n<p>&nbsp;<\/p>\n<p>&nbsp;<\/p>\n<p>&nbsp;<\/p>\n<p>&nbsp;<\/p>\n<p><a href=\"http:\/\/www.sound-light-systems.com\/wordpress\/wp-content\/uploads\/2016\/04\/team_BLANK.png\"><br \/>\n<\/a><a href=\"http:\/\/www.sound-light-systems.com\/wordpress\/wp-content\/uploads\/2016\/04\/team_BLANK.png\"><img loading=\"lazy\" decoding=\"async\" class=\"alignleft size-full wp-image-1190\" src=\"http:\/\/www.sound-light-systems.com\/wordpress\/wp-content\/uploads\/2016\/04\/team_BLANK.png\" alt=\"\" width=\"240\" height=\"240\" srcset=\"https:\/\/lautundhell.de\/wp-content\/uploads\/2016\/04\/team_BLANK.png 240w, https:\/\/lautundhell.de\/wp-content\/uploads\/2016\/04\/team_BLANK-150x150.png 150w, https:\/\/lautundhell.de\/wp-content\/uploads\/2016\/04\/team_BLANK-200x200.png 200w\" sizes=\"auto, (max-width: 240px) 100vw, 240px\" \/><\/a><\/p>\n<p class=\"p1\">Markus Hammerl<\/p>\n<p class=\"p1\">Leiter Maschinenraum | Veranstaltungstechniker<\/p>\n<p class=\"p1\">+49 8026 92 22 33<\/p>\n<p class=\"p1\">markus.hammerl (at) lautundhell.de<\/p>\n<p>&nbsp;<\/p>\n<p>&nbsp;<\/p>\n<p><a href=\"http:\/\/www.sound-light-systems.com\/wordpress\/wp-content\/uploads\/2016\/04\/team_BLANK.png\"><img loading=\"lazy\" decoding=\"async\" class=\"alignleft size-full wp-image-1190\" src=\"http:\/\/www.sound-light-systems.com\/wordpress\/wp-content\/uploads\/2016\/04\/team_BLANK.png\" alt=\"\" width=\"240\" height=\"240\" srcset=\"https:\/\/lautundhell.de\/wp-content\/uploads\/2016\/04\/team_BLANK.png 240w, https:\/\/lautundhell.de\/wp-content\/uploads\/2016\/04\/team_BLANK-150x150.png 150w, https:\/\/lautundhell.de\/wp-content\/uploads\/2016\/04\/team_BLANK-200x200.png 200w\" sizes=\"auto, (max-width: 240px) 100vw, 240px\" \/><\/a><\/p>\n<p>&nbsp;<\/p>\n<p class=\"p1\">Jonas Schmitz<\/p>\n<p class=\"p1\">Veranstaltungstechniker<\/p>\n<p class=\"p1\">+49 8026 92 22 33<\/p>\n<p class=\"p1\">jonas.schmitz (at) lautundhell.de<\/p>\n<p>&nbsp;<\/p>\n<p>&nbsp;<\/p>\n<p><a href=\"http:\/\/www.sound-light-systems.com\/wordpress\/wp-content\/uploads\/2016\/04\/team_BLANK.png\"><img loading=\"lazy\" decoding=\"async\" class=\"alignleft size-full wp-image-1190\" src=\"http:\/\/www.sound-light-systems.com\/wordpress\/wp-content\/uploads\/2016\/04\/team_BLANK.png\" alt=\"\" width=\"240\" height=\"240\" srcset=\"https:\/\/lautundhell.de\/wp-content\/uploads\/2016\/04\/team_BLANK.png 240w, https:\/\/lautundhell.de\/wp-content\/uploads\/2016\/04\/team_BLANK-150x150.png 150w, https:\/\/lautundhell.de\/wp-content\/uploads\/2016\/04\/team_BLANK-200x200.png 200w\" sizes=\"auto, (max-width: 240px) 100vw, 240px\" \/><\/a><\/p>\n<p class=\"p1\">Niklas Geipel<\/p>\n<p class=\"p1\">\u00a0Countdown Touch Operator | | Veranstaltungstechniker<\/p>\n<p class=\"p1\">+49 8026 92 22 33<\/p>\n<p class=\"p1\">niklas.geipel (at) lautundhell.de<\/p>\n<p>&nbsp;<\/p>\n<p>&nbsp;<\/p>\n<p>&nbsp;<\/p>\n<p><a href=\"http:\/\/www.sound-light-systems.com\/wordpress\/wp-content\/uploads\/2016\/04\/team_BLANK.png\"><img loading=\"lazy\" decoding=\"async\" class=\"alignleft size-full wp-image-1190\" src=\"http:\/\/www.sound-light-systems.com\/wordpress\/wp-content\/uploads\/2016\/04\/team_BLANK.png\" alt=\"\" width=\"240\" height=\"240\" srcset=\"https:\/\/lautundhell.de\/wp-content\/uploads\/2016\/04\/team_BLANK.png 240w, https:\/\/lautundhell.de\/wp-content\/uploads\/2016\/04\/team_BLANK-150x150.png 150w, https:\/\/lautundhell.de\/wp-content\/uploads\/2016\/04\/team_BLANK-200x200.png 200w\" sizes=\"auto, (max-width: 240px) 100vw, 240px\" \/><\/a><\/p>\n<p class=\"p1\">Luisa\u00a0 Patri<\/p>\n<p class=\"p1\">Auszubildender f. Veranstaltungstechnik | Veranstaltungstechniker Trainee<\/p>\n<p class=\"p1\">+49 8026 92 22 33<\/p>\n<p class=\"p1\">luisa.patri (at) lautundhell.de<\/p>\n<p>&nbsp;<\/p>\n<p>&nbsp;<\/p>\n<p>&nbsp;<\/p>\n<p><a href=\"http:\/\/www.sound-light-systems.com\/wordpress\/wp-content\/uploads\/2016\/04\/team_BLANK.png\"><img loading=\"lazy\" decoding=\"async\" class=\"alignleft size-full wp-image-1190\" src=\"http:\/\/www.sound-light-systems.com\/wordpress\/wp-content\/uploads\/2016\/04\/team_BLANK.png\" alt=\"\" width=\"240\" height=\"240\" srcset=\"https:\/\/lautundhell.de\/wp-content\/uploads\/2016\/04\/team_BLANK.png 240w, https:\/\/lautundhell.de\/wp-content\/uploads\/2016\/04\/team_BLANK-150x150.png 150w, https:\/\/lautundhell.de\/wp-content\/uploads\/2016\/04\/team_BLANK-200x200.png 200w\" sizes=\"auto, (max-width: 240px) 100vw, 240px\" \/><\/a><\/p>\n<p class=\"p1\">Vincent Schlegel<\/p>\n<p class=\"p1\">Auszubildender f. Veranstaltungstechnik | Veranstaltungstechniker Trainee<\/p>\n<p class=\"p1\">+49 8026 92 22 33<\/p>\n<p class=\"p1\">vincent.schlegel (at) lautundhell.de<\/p>\n<p>&nbsp;<\/p>\n<p>&nbsp;<\/p>\n<p>&nbsp;<\/p>\n<p>&nbsp;<\/p>\n<p>Du willst auch zu unserem Team geh\u00f6ren? Dann bewirb Dich jetzt bei wewantyou@lautundhell.de ! N\u00e4here Informationen gibt es hier <a href=\"http:\/\/www.lautundhell.de\/?p=497\">&gt;&gt;&gt;<\/a><\/p>\n","protected":false},"excerpt":{"rendered":"<p>Vorhang auf. B\u00fchne frei. Das LAUTundHELL.de Team! LAUTundHELL.de ist eine junge Organisation, die die sich &hellip; <\/p>\n","protected":false},"author":2,"featured_media":0,"parent":0,"menu_order":3,"comment_status":"closed","ping_status":"closed","template":"","meta":{"footnotes":""},"class_list":["post-607","page","type-page","status-publish","hentry","latest_post"],"aioseo_notices":[],"_links":{"self":[{"href":"http:\/\/www.lautundhell.de\/index.php?rest_route=\/wp\/v2\/pages\/607","targetHints":{"allow":["GET"]}}],"collection":[{"href":"http:\/\/www.lautundhell.de\/index.php?rest_route=\/wp\/v2\/pages"}],"about":[{"href":"http:\/\/www.lautundhell.de\/index.php?rest_route=\/wp\/v2\/types\/page"}],"author":[{"embeddable":true,"href":"http:\/\/www.lautundhell.de\/index.php?rest_route=\/wp\/v2\/users\/2"}],"replies":[{"embeddable":true,"href":"http:\/\/www.lautundhell.de\/index.php?rest_route=%2Fwp%2Fv2%2Fcomments&post=607"}],"version-history":[{"count":41,"href":"http:\/\/www.lautundhell.de\/index.php?rest_route=\/wp\/v2\/pages\/607\/revisions"}],"predecessor-version":[{"id":1889,"href":"http:\/\/www.lautundhell.de\/index.php?rest_route=\/wp\/v2\/pages\/607\/revisions\/1889"}],"wp:attachment":[{"href":"http:\/\/www.lautundhell.de\/index.php?rest_route=%2Fwp%2Fv2%2Fmedia&parent=607"}],"curies":[{"name":"wp","href":"https:\/\/api.w.org\/{rel}","templated":true}]}}